{"id":5734,"date":"2023-07-06T08:12:36","date_gmt":"2023-07-06T05:12:36","guid":{"rendered":"https:\/\/pilkunviilaamo.fi\/kurssit\/?page_id=5734"},"modified":"2023-07-06T09:10:46","modified_gmt":"2023-07-06T06:10:46","slug":"kurssit-2023","status":"publish","type":"page","link":"https:\/\/pilkunviilaamo.fi\/kurssit\/","title":{"rendered":"Kurssit 2023"},"content":{"rendered":"<h1>Oletko valmis oppimaan uutta?<\/h1>\n<p><a href=\"https:\/\/pilkunviilaamo.fi\/kurssit\/kokeneen-kirjoittajan-kielenhuolto\/\" target=\"_blank\" rel=\"noopener\"><br \/>\n<img loading=\"lazy\" decoding=\"async\" src=\"https:\/\/pilkunviilaamo.fi\/kurssit\/wp-content\/uploads\/2022\/10\/kokeneen_kirjoittajan_kielenhuolto_.png\" sizes=\"auto, (max-width: 648px) 100vw, 648px\" srcset=\"https:\/\/pilkunviilaamo.fi\/kurssit\/wp-content\/uploads\/2022\/10\/kokeneen_kirjoittajan_kielenhuolto_.png 800w, https:\/\/pilkunviilaamo.fi\/kurssit\/wp-content\/uploads\/2022\/10\/kokeneen_kirjoittajan_kielenhuolto_-300x300.png 300w, https:\/\/pilkunviilaamo.fi\/kurssit\/wp-content\/uploads\/2022\/10\/kokeneen_kirjoittajan_kielenhuolto_-150x150.png 150w, https:\/\/pilkunviilaamo.fi\/kurssit\/wp-content\/uploads\/2022\/10\/kokeneen_kirjoittajan_kielenhuolto_-768x768.png 768w, https:\/\/pilkunviilaamo.fi\/kurssit\/wp-content\/uploads\/2022\/10\/kokeneen_kirjoittajan_kielenhuolto_-330x330.png 330w, https:\/\/pilkunviilaamo.fi\/kurssit\/wp-content\/uploads\/2022\/10\/kokeneen_kirjoittajan_kielenhuolto_-96x96.png 96w, https:\/\/pilkunviilaamo.fi\/kurssit\/wp-content\/uploads\/2022\/10\/kokeneen_kirjoittajan_kielenhuolto_-648x648.png 648w, https:\/\/pilkunviilaamo.fi\/kurssit\/wp-content\/uploads\/2022\/10\/kokeneen_kirjoittajan_kielenhuolto_-192x192.png 192w, https:\/\/pilkunviilaamo.fi\/kurssit\/wp-content\/uploads\/2022\/10\/kokeneen_kirjoittajan_kielenhuolto_-64x64.png 64w, https:\/\/pilkunviilaamo.fi\/kurssit\/wp-content\/uploads\/2022\/10\/kokeneen_kirjoittajan_kielenhuolto_-400x400.png 400w, https:\/\/pilkunviilaamo.fi\/kurssit\/wp-content\/uploads\/2022\/10\/kokeneen_kirjoittajan_kielenhuolto_-100x100.png 100w\" alt=\"\" width=\"648\" height=\"648\" \/> <\/a><\/p>\n<h6>sis\u00e4ll\u00f6n viimeistelyyn<\/h6>\n<h2>Kokeneen kirjoittajan kielenhuolto<\/h2>\n<p>Kattava kahdeksan viikon verkkovalmennus, jonka aikana hoidat edistyneiden kirjoittajien kielipulmat pois p\u00e4iv\u00e4j\u00e4rjestyksest\u00e4 mukavalla ja mutkattomalla tavalla.<\/p>\n<p><a role=\"button\" href=\"https:\/\/pilkunviilaamo.fi\/kurssit\/kokeneen-kirjoittajan-kielenhuolto\/\" target=\"_blank\" rel=\"noopener\"><br \/>\nLue lis\u00e4\u00e4<br \/>\n<\/a><br \/>\n<a href=\"https:\/\/pilkunviilaamo.fi\/kurssit\/kaytannonlaheista\/\" target=\"_blank\" rel=\"noopener\"><br \/>\n<img loading=\"lazy\" decoding=\"async\" src=\"https:\/\/pilkunviilaamo.fi\/kurssit\/wp-content\/uploads\/2021\/10\/kaytannonlaheista-kielioppia-kiireiselle_.png\" sizes=\"auto, (max-width: 648px) 100vw, 648px\" srcset=\"https:\/\/pilkunviilaamo.fi\/kurssit\/wp-content\/uploads\/2021\/10\/kaytannonlaheista-kielioppia-kiireiselle_.png 800w, https:\/\/pilkunviilaamo.fi\/kurssit\/wp-content\/uploads\/2021\/10\/kaytannonlaheista-kielioppia-kiireiselle_-300x300.png 300w, https:\/\/pilkunviilaamo.fi\/kurssit\/wp-content\/uploads\/2021\/10\/kaytannonlaheista-kielioppia-kiireiselle_-150x150.png 150w, https:\/\/pilkunviilaamo.fi\/kurssit\/wp-content\/uploads\/2021\/10\/kaytannonlaheista-kielioppia-kiireiselle_-768x768.png 768w, https:\/\/pilkunviilaamo.fi\/kurssit\/wp-content\/uploads\/2021\/10\/kaytannonlaheista-kielioppia-kiireiselle_-330x330.png 330w, https:\/\/pilkunviilaamo.fi\/kurssit\/wp-content\/uploads\/2021\/10\/kaytannonlaheista-kielioppia-kiireiselle_-96x96.png 96w, https:\/\/pilkunviilaamo.fi\/kurssit\/wp-content\/uploads\/2021\/10\/kaytannonlaheista-kielioppia-kiireiselle_-648x648.png 648w, https:\/\/pilkunviilaamo.fi\/kurssit\/wp-content\/uploads\/2021\/10\/kaytannonlaheista-kielioppia-kiireiselle_-192x192.png 192w, https:\/\/pilkunviilaamo.fi\/kurssit\/wp-content\/uploads\/2021\/10\/kaytannonlaheista-kielioppia-kiireiselle_-64x64.png 64w, https:\/\/pilkunviilaamo.fi\/kurssit\/wp-content\/uploads\/2021\/10\/kaytannonlaheista-kielioppia-kiireiselle_-400x400.png 400w, https:\/\/pilkunviilaamo.fi\/kurssit\/wp-content\/uploads\/2021\/10\/kaytannonlaheista-kielioppia-kiireiselle_-100x100.png 100w\" alt=\"K\u00e4yt\u00e4nn\u00f6nl\u00e4heist\u00e4 kielioppia kiireiselle\" width=\"648\" height=\"648\" \/> <\/a><\/p>\n<h6>perusasioiden hallintaan<\/h6>\n<h2>K\u00e4yt\u00e4nn\u00f6nl\u00e4heist\u00e4 kielioppia kiireiselle<\/h2>\n<p>Perusasioihin keskittyv\u00e4 verkkokurssi, jonka avulla opit nopeasti kirjoittamaan hyv\u00e4\u00e4, hallittua kielt\u00e4 \u2013 pienin\u00e4 annospaloina ja ilman monimutkaisia teorioita.<\/p>\n<p><a role=\"button\" href=\"https:\/\/pilkunviilaamo.fi\/kurssit\/kaytannonlaheista\/\" target=\"_blank\" rel=\"noopener\"><br \/>\nLue lis\u00e4\u00e4<br \/>\n<\/a><br \/>\n<a href=\"https:\/\/pilkunviilaamo.fi\/kurssit\/pilkku\/\" target=\"_blank\" rel=\"noopener\"><br \/>\n<img loading=\"lazy\" decoding=\"async\" src=\"https:\/\/pilkunviilaamo.fi\/kurssit\/wp-content\/uploads\/2021\/09\/pilkunviilaus_450x450_.png\" sizes=\"auto, (max-width: 648px) 100vw, 648px\" srcset=\"https:\/\/pilkunviilaamo.fi\/kurssit\/wp-content\/uploads\/2021\/09\/pilkunviilaus_450x450_.png 800w, https:\/\/pilkunviilaamo.fi\/kurssit\/wp-content\/uploads\/2021\/09\/pilkunviilaus_450x450_-300x300.png 300w, https:\/\/pilkunviilaamo.fi\/kurssit\/wp-content\/uploads\/2021\/09\/pilkunviilaus_450x450_-150x150.png 150w, https:\/\/pilkunviilaamo.fi\/kurssit\/wp-content\/uploads\/2021\/09\/pilkunviilaus_450x450_-768x768.png 768w, https:\/\/pilkunviilaamo.fi\/kurssit\/wp-content\/uploads\/2021\/09\/pilkunviilaus_450x450_-330x330.png 330w, https:\/\/pilkunviilaamo.fi\/kurssit\/wp-content\/uploads\/2021\/09\/pilkunviilaus_450x450_-96x96.png 96w, https:\/\/pilkunviilaamo.fi\/kurssit\/wp-content\/uploads\/2021\/09\/pilkunviilaus_450x450_-648x648.png 648w, https:\/\/pilkunviilaamo.fi\/kurssit\/wp-content\/uploads\/2021\/09\/pilkunviilaus_450x450_-192x192.png 192w, https:\/\/pilkunviilaamo.fi\/kurssit\/wp-content\/uploads\/2021\/09\/pilkunviilaus_450x450_-64x64.png 64w, https:\/\/pilkunviilaamo.fi\/kurssit\/wp-content\/uploads\/2021\/09\/pilkunviilaus_450x450_-400x400.png 400w, https:\/\/pilkunviilaamo.fi\/kurssit\/wp-content\/uploads\/2021\/09\/pilkunviilaus_450x450_-100x100.png 100w\" alt=\"\" width=\"648\" height=\"648\" \/> <\/a><\/p>\n<h6>pilkkujen viilaukseen<\/h6>\n<h2>Pilkunviilaus-minikurssi<\/h2>\n<p>Jos pilkut kiinnostavat tai kauhistuttavat, t\u00e4m\u00e4n kurssin j\u00e4lkeen ne solahtavat paikoilleen automaattisesti. Kurssin aikana huomaat, ettei pilkutus olekaan niin vaikeaa kuin olet aiemmin luullut.<\/p>\n<p><a role=\"button\" href=\"https:\/\/pilkunviilaamo.fi\/kurssit\/pilkku\/\" target=\"_blank\" rel=\"noopener\"><br \/>\nLue lis\u00e4\u00e4<br \/>\n<\/a><\/p>\n<h2>Oletko jo ilmoittautunut?<\/h2>\n<p><a role=\"button\" href=\"https:\/\/www.pilkunviilaamo.fi\/kurssit\/dashboard\/\"><br \/>\nKirjaudu kursseille<br \/>\n<\/a><\/p>\n<h6>ensiapuun<\/h6>\n<h2>7 p\u00e4iv\u00e4n maksuton kielioppikurssi<\/h2>\n<p>Palauta kieliopin p\u00e4\u00e4asiat mieleesi helposti ja nopeasti maksuttomalla 7 p\u00e4iv\u00e4n kielioppikurssillani.<\/p>\n<p>Saat viikon ajan kivaa kielioppiasiaa suoraan s\u00e4hk\u00f6postiisi.<\/p>\n<p><a role=\"button\" href=\"https:\/\/pilkunviilaamo.fi\/7-paivan-maksuton-kielioppikurssi\/\" target=\"_blank\" rel=\"noopener\"><br \/>\nt\u00e4\u00e4lt\u00e4 mukaan<br \/>\n<\/a><br \/>\n<a href=\"https:\/\/pilkunviilaamo.fi\/7-paivan-maksuton-kielioppikurssi\/\" target=\"_blank\" rel=\"noopener\"><br \/>\n<img loading=\"lazy\" decoding=\"async\" src=\"https:\/\/pilkunviilaamo.fi\/kurssit\/wp-content\/uploads\/2021\/09\/maksuton-kielioppikurssi_.png\" sizes=\"auto, (max-width: 648px) 100vw, 648px\" srcset=\"https:\/\/pilkunviilaamo.fi\/kurssit\/wp-content\/uploads\/2021\/09\/maksuton-kielioppikurssi_.png 800w, https:\/\/pilkunviilaamo.fi\/kurssit\/wp-content\/uploads\/2021\/09\/maksuton-kielioppikurssi_-300x300.png 300w, https:\/\/pilkunviilaamo.fi\/kurssit\/wp-content\/uploads\/2021\/09\/maksuton-kielioppikurssi_-150x150.png 150w, https:\/\/pilkunviilaamo.fi\/kurssit\/wp-content\/uploads\/2021\/09\/maksuton-kielioppikurssi_-768x768.png 768w, https:\/\/pilkunviilaamo.fi\/kurssit\/wp-content\/uploads\/2021\/09\/maksuton-kielioppikurssi_-330x330.png 330w, https:\/\/pilkunviilaamo.fi\/kurssit\/wp-content\/uploads\/2021\/09\/maksuton-kielioppikurssi_-96x96.png 96w, https:\/\/pilkunviilaamo.fi\/kurssit\/wp-content\/uploads\/2021\/09\/maksuton-kielioppikurssi_-648x648.png 648w, https:\/\/pilkunviilaamo.fi\/kurssit\/wp-content\/uploads\/2021\/09\/maksuton-kielioppikurssi_-192x192.png 192w, https:\/\/pilkunviilaamo.fi\/kurssit\/wp-content\/uploads\/2021\/09\/maksuton-kielioppikurssi_-64x64.png 64w, https:\/\/pilkunviilaamo.fi\/kurssit\/wp-content\/uploads\/2021\/09\/maksuton-kielioppikurssi_-400x400.png 400w, https:\/\/pilkunviilaamo.fi\/kurssit\/wp-content\/uploads\/2021\/09\/maksuton-kielioppikurssi_-100x100.png 100w\" alt=\"\" width=\"648\" height=\"648\" \/> <\/a><\/p>\n","protected":false},"excerpt":{"rendered":"<p>Oletko valmis oppimaan uutta? sis\u00e4ll\u00f6n viimeistelyyn Kokeneen kirjoittajan kielenhuolto Kattava kahdeksan viikon verkkovalmennus, jonka aikana hoidat edistyneiden kirjoittajien kielipulmat pois p\u00e4iv\u00e4j\u00e4rjestyksest\u00e4 mukavalla ja mutkattomalla tavalla. Lue lis\u00e4\u00e4 perusasioiden hallintaan K\u00e4yt\u00e4nn\u00f6nl\u00e4heist\u00e4 kielioppia kiireiselle Perusasioihin keskittyv\u00e4 verkkokurssi, jonka avulla opit nopeasti kirjoittamaan hyv\u00e4\u00e4, hallittua kielt\u00e4 \u2013 pienin\u00e4 annospaloina ja ilman monimutkaisia teorioita. Lue lis\u00e4\u00e4 pilkkujen viilaukseen Pilkunviilaus-minikurssi [&hellip;]<\/p>\n","protected":false},"author":1,"featured_media":0,"parent":0,"menu_order":0,"comment_status":"closed","ping_status":"closed","template":"template-page-builder.php","meta":{"footnotes":""},"class_list":["post-5734","page","type-page","status-publish","hentry"],"_links":{"self":[{"href":"https:\/\/pilkunviilaamo.fi\/kurssit\/wp-json\/wp\/v2\/pages\/5734","targetHints":{"allow":["GET"]}}],"collection":[{"href":"https:\/\/pilkunviilaamo.fi\/kurssit\/wp-json\/wp\/v2\/pages"}],"about":[{"href":"https:\/\/pilkunviilaamo.fi\/kurssit\/wp-json\/wp\/v2\/types\/page"}],"author":[{"embeddable":true,"href":"https:\/\/pilkunviilaamo.fi\/kurssit\/wp-json\/wp\/v2\/users\/1"}],"replies":[{"embeddable":true,"href":"https:\/\/pilkunviilaamo.fi\/kurssit\/wp-json\/wp\/v2\/comments?post=5734"}],"version-history":[{"count":53,"href":"https:\/\/pilkunviilaamo.fi\/kurssit\/wp-json\/wp\/v2\/pages\/5734\/revisions"}],"predecessor-version":[{"id":5792,"href":"https:\/\/pilkunviilaamo.fi\/kurssit\/wp-json\/wp\/v2\/pages\/5734\/revisions\/5792"}],"wp:attachment":[{"href":"https:\/\/pilkunviilaamo.fi\/kurssit\/wp-json\/wp\/v2\/media?parent=5734"}],"curies":[{"name":"wp","href":"https:\/\/api.w.org\/{rel}","templated":true}]}}